152?
19
What is the highest common divisor of 3616 and 32?
32
Calculate the greatest common factor of 45832 and 136.
136
What is the greatest common divisor of 17196 and 36?
12
Calculate the highest common factor of 99 and 243.
9
Calculate the greatest common divisor of 84 and 1.
1
What is the highest common factor of 98 and 28?
14
What is the greatest common factor of 26 and 1963?
13
What is the greatest common divisor of 22 and 4103?
11
Calculate the greatest common factor of 128 and 416.
32
What is the greatest common divisor of 148 and 1702?
74
What is the highest common divisor of 7203 and 35?
7
Calculate the highest common divisor of 710 and 90.
10
What is the greatest common factor of 1246 and 890?
178
What is the highest common divisor of 8 and 2000?
8
What is the greatest common divisor of 96 and 32?
32
Calculate the greatest common divisor of 9 and 1458.
9
What is the greatest common divisor of 9359 and 49?
49
What is the highest common factor of 988 and 152?
76
Calculate the highest common factor of 40 and 160.
40
What is the greatest common divisor of 7747 and 488?
61
Calculate the highest common divisor of 22 and 539.
11
Calculate the greatest common divisor of 6974 and 44.
22
What is the highest common factor of 182 and 286?
26
Calculate the highest common divisor of 11 and 979.
11
Calculate the highest common divisor of 2874 and 6.
6
What is the greatest common factor of 10 and 640?
10
Calculate the highest common factor of 2058 and 14.
14
What is the greatest common divisor of 810 and 10?
10
Calculate the greatest common factor of 142 and 1136.
142
What is the highest common factor of 96 and 2316?
12
Calculate the highest common factor of 96 and 4176.
48
Calculate the highest common divisor of 68 and 1802.
34
Calculate the highest common factor of 204 and 2397.
51
What is the highest common divisor of 847 and 77?
77
Calculate the highest common divisor of 2279 and 129.
43
Calculate the highest common factor of 6 and 651.
3
What is the greatest common factor of 41 and 3?
1
Calculate the greatest common divisor of 23427 and 57.
57
Calculate the highest common factor of 64 and 456.
8
Calculate the greatest common factor of 136 and 8126.
34
Calculate the greatest common factor of 238 and 187.
17
What is the greatest common factor of 578 and 22831?
289
Calculate the highest common factor of 1530 and 500.
10
What is the highest common factor of 473 and 559?
43
Calculate the greatest common divisor of 18 and 2526.
6
What is the highest common factor of 9720 and 40?
40
What is the highest common divisor of 6 and 78?
6
What is the highest common divisor of 88 and 132?
44
What is the highest common factor of 969 and 102?
51
Calculate the highest common divisor of 19 and 152.
19
Calculate the highest common factor of 75 and 1440.
15
What is the highest common divisor of 1781 and 548?
137
What is the highest common divisor of 1392 and 261?
87
Calculate the highest common divisor of 220 and 2475.
55
What is the greatest common divisor of 78 and 26?
26
Calculate the greatest common factor of 621 and 69.
69
What is the greatest common divisor of 544 and 34?
34
What is the greatest common divisor of 36 and 66?
6
Calculate the highest common divisor of 56 and 952.
56
Calculate the highest common factor of 39 and 1209.
39
What is the highest common divisor of 48 and 4776?
24
What is the highest common factor of 307 and 2?
1
What is the highest common factor of 1854 and 14?
2
What is the greatest common factor of 24461 and 802?
401
Calculate the highest common factor of 144 and 576.
144
What is the greatest common factor of 9 and 2979?
9
What is the greatest common divisor of 294 and 126?
42
Calculate the highest common factor of 162 and 24.
6
Calculate the greatest common factor of 752 and 44744.
376
Calculate the highest common divisor of 11 and 1881.
11
What is the greatest common divisor of 638 and 2494?
58
Calculate the highest common divisor of 12 and 56.
4
Calculate the highest common divisor of 26 and 16913.
13
Calculate the highest common divisor of 350 and 425.
25
What is the greatest common divisor of 96 and 3936?
96
Calculate the greatest common divisor of 34 and 119.
17
What is the highest common factor of 30 and 1599?
3
Calculate the highest common divisor of 12 and 64956.
12
What is the greatest common divisor of 488 and 24?
8
Calculate the highest common divisor of 152 and 76.
76
What is the greatest common divisor of 1525 and 16165?
305
Calculate the highest common factor of 145 and 58.
29
Calculate the greatest common factor of 128 and 14.
2
What is the greatest common factor of 10654 and 14?
14
Calculate the greatest common factor of 3332 and 441.
49
Calculate the greatest common divisor of 56 and 1624.
56
What is the highest common divisor of 48 and 696?
24
Calculate the greatest common factor of 568 and 8.
8
Calculate the greatest common divisor of 19 and 513.
19
What is the highest common factor of 198 and 55?
11
What is the highest common divisor of 85 and 34?
17
Calculate the highest common factor of 33537 and 63.
21
What is the highest common divisor of 4526 and 292?
146
Calculate the highest common factor of 51 and 1377.
51
What is the highest common divisor of 10206 and 84?
42
What is the greatest common factor of 133 and 19?
19
Calculate the highest common divisor of 8249 and 113.
113
Calculate the highest common divisor of 36 and 7500.
12
Calculate the highest common divisor of 71 and 639.
71
Calculate the greatest common divisor of 14 and 322.
14
Calculate the greatest common factor of 8510 and 1150.
230
What is the greatest common divisor of 257 and 1?
1
What is the highest common factor of 24 and 1164?
12
Calculate the highest common factor of 253 and 851.
23
Calculate the highest common divisor of 625 and 50.
25
What is the highest common divisor of 925 and 148?
37
What is the greatest common factor of 445 and 5?
5
What is the highest common factor of 1917 and 71?
71
Calculate the highest common divisor of 1125 and 30.
15
Calculate the highest common factor of 345 and 621.
69
Calculate the highest common divisor of 612 and 17.
17
What is the greatest common factor of 204 and 24?
12
Calculate the greatest common divisor of 7520 and 160.
160
What is the greatest common divisor of 47 and 329?
47
What is the highest common factor of 105 and 63?
21
What is the greatest common factor of 2673 and 66?
33
Calculate the highest common divisor of 77 and 11.
11
Calculate the highest common factor of 42 and 21.
21
What is the highest common factor of 1634 and 6106?
86
Calculate the highest common divisor of 1200 and 36.
12
Calculate the highest common divisor of 2002 and 462.
154
What is the highest common divisor of 117 and 63?
9
Calculate the highest common divisor of 25 and 3475.
25
Calculate the greatest common divisor of 75 and 675.
75
Calculate the greatest common divisor of 60 and 732.
12
Calculate the greatest common divisor of 14263 and 153.
17
What is the highest common factor of 259 and 7?
7
Calculate the greatest common factor of 528 and 2288.
176
Calculate the greatest common factor of 62977 and 71.
71
Calculate the highest common factor of 144 and 3504.
48
What is the highest common divisor of 393 and 3013?
131
What is the greatest common factor of 2784 and 64?
32
What is the highest common divisor of 2744 and 56?
56
What is the greatest common divisor of 38 and 266?
38
Calculate the highest common divisor of 460 and 20.
20
Calculate the highest common divisor of 2820 and 360.
60
Calculate the greatest common divisor of 2000 and 32.
16
Calculate the greatest common divisor of 370 and 260.
10
What is the greatest common divisor of 265 and 53?
53
What is the highest common factor of 412 and 8?
4
What is the highest common divisor of 280 and 2030?
70
What is the highest common divisor of 4292 and 111?
37
Calculate the greatest common factor of 2086 and 14.
14
Calculate the greatest common factor of 170 and 680.
170
Calculate the greatest common factor of 308 and 350.
14
What is the greatest common factor of 20 and 860?
20
Calculate the highest common factor of 548 and 4.
4
What is the highest common factor of 15202 and 110?
22
What is the greatest common factor of 35269 and 26?
13
What is the highest common fac